e prime factors of 26787.
3, 8929
What are the prime factors of 37712?
2, 2357
What are the prime factors of 3751?
11, 31
What are the prime factors of 7079?
7079
What are the prime factors of 3315?
3, 5, 13, 17
What are the prime factors of 15452?
2, 3863
What are the prime factors of 2656?
2, 83
What are the prime factors of 21339?
3, 2371
List the prime factors of 1544.
2, 193
What are the prime factors of 10375?
5, 83
List the prime factors of 3079.
3079
List the prime factors of 1786.
2, 19, 47
List the prime factors of 6447.
3, 7, 307
List the prime factors of 866.
2, 433
List the prime factors of 795.
3, 5, 53
List the prime factors of 13947.
3, 4649
What are the prime factors of 2440?
2, 5, 61
List the prime factors of 3090.
2, 3, 5, 103
List the prime factors of 8038.
2, 4019
List the prime factors of 26817.
3, 7, 1277
List the prime factors of 20983.
20983
List the prime factors of 15855.
3, 5, 7, 151
List the prime factors of 2351.
2351
List the prime factors of 345.
3, 5, 23
What are the prime factors of 1224?
2, 3, 17
List the prime factors of 11829.
3, 3943
List the prime factors of 124547.
269, 463
List the prime factors of 4947.
3, 17, 97
List the prime factors of 23048.
2, 43, 67
What are the prime factors of 542?
2, 271
List the prime factors of 331.
331
What are the prime factors of 222?
2, 3, 37
List the prime factors of 66131.
13, 5087
List the prime factors of 174361.
11, 131
List the prime factors of 2582.
2, 1291
What are the prime factors of 156?
2, 3, 13
List the prime factors of 69762.
2, 3, 7, 11, 151
What are the prime factors of 125?
5
What are the prime factors of 59627?
59627
List the prime factors of 16684.
2, 43, 97
List the prime factors of 11879.
7, 1697
What are the prime factors of 4746?
2, 3, 7, 113
List the prime factors of 36177.
3, 31, 389
List the prime factors of 1605.
3, 5, 107
What are the prime factors of 53022?
2, 3, 8837
List the prime factors of 43184.
2, 2699
What are the prime factors of 67950?
2, 3, 5, 151
List the prime factors of 40618.
2, 23, 883
List the prime factors of 3877.
3877
List the prime factors of 81542.
2, 40771
What are the prime factors of 14923?
14923
What are the prime factors of 3178?
2, 7, 227
List the prime factors of 131712.
2, 3, 7
What are the prime factors of 54772?
2, 13693
List the prime factors of 5971.
7, 853
List the prime factors of 1750.
2, 5, 7
List the prime factors of 655.
5, 131
List the prime factors of 3296.
2, 103
List the prime factors of 25251.
3, 19, 443
List the prime factors of 76693.
271, 283
What are the prime factors of 1050?
2, 3, 5, 7
List the prime factors of 104.
2, 13
List the prime factors of 121170.
2, 3, 5, 7, 577
What are the prime factors of 33494?
2, 16747
What are the prime factors of 36177?
3, 31, 389
What are the prime factors of 1915?
5, 383
What are the prime factors of 53856?
2, 3, 11, 17
What are the prime factors of 1660?
2, 5, 83
What are the prime factors of 343?
7
List the prime factors of 25460.
2, 5, 19, 67
List the prime factors of 5220.
2, 3, 5, 29
List the prime factors of 105.
3, 5, 7
List the prime factors of 419.
419
What are the prime factors of 613?
613
What are the prime factors of 122?
2, 61
What are the prime factors of 11969?
11969
What are the prime factors of 52570?
2, 5, 7, 751
List the prime factors of 23134.
2, 43, 269
List the prime factors of 186.
2, 3, 31
List the prime factors of 4408.
2, 19, 29
What are the prime factors of 74?
2, 37
What are the prime factors of 154932?
2, 3, 12911
List the prime factors of 5099.
5099
What are the prime factors of 1621?
1621
What are the prime factors of 16728?
2, 3, 17, 41
What are the prime factors of 633?
3, 211
What are the prime factors of 7032?
2, 3, 293
What are the prime factors of 2260?
2, 5, 113
List the prime factors of 980.
2, 5, 7
What are the prime factors of 953?
953
List the prime factors of 119020.
2, 5, 11, 541
List the prime factors of 3779.
3779
List the prime factors of 41078.
2, 19, 23, 47
List the prime factors of 33882.
2, 3, 5647
List the prime factors of 3862.
2, 1931
What are the prime factors of 7155?
3, 5, 53
List the prime factors of 21449.
89, 241
List the prime factors of 99.
3, 11
List the prime factors of 663.
3, 13, 17
List the prime factors of 2471.
7, 353
What are the prime factors of 4047?
3, 19, 71
What are the prime factors of 313?
313
List the prime factors of 2188.
2, 547
What are the prime factors of 61353?
3, 17, 401
What are the prime factors of 971?
971
What are the prime factors of 69693?
3, 13, 1787
What are the prime factors of 660?
2, 3, 5, 11
List the prime factors of 1575.
3, 5, 7
List the prime factors of 697.
17, 41
What are the prime factors of 7574?
2, 7, 541
List the prime factors of 37548.
2, 3, 7, 149
List the prime factors of 284.
2, 71
List the prime factors of 936.
2, 3, 13
What are the prime factors of 9037?
7, 1291
What are the prime factors of 22805?
5, 4561
What are the prime factors of 17704?
2, 2213
What are the prime factors of 1838?
2, 919
List the prime factors of 13270.
2, 5, 1327
What are the prime factors of 48?
2, 3
List the prime factors of 22392.
2, 3, 311
List the prime factors of 9842.
2, 7, 19, 37
List the prime factors of 762.
2, 3, 127
What are the prime factors of 10250?
2, 5, 41
List the prime factors of 5385.
3, 5, 359
What are the prime factors of 784?
2, 7
List the prime factors of 3863.
3863
List the prime factors of 35.
5, 7
List the prime factors of 44461.
173, 257
List the prime factors of 675.
3, 5
What are the prime factors of 1035?
3, 5, 23
What are the prime factors of 727?
727
What are the prime factors of 10155?
3, 5, 677
List the prime factors of 2670.
2, 3, 5, 89
List the prime factors of 1971.
3, 73
List the prime factors of 120724.
2, 30181
What are the prime factors of 67905?
3, 5, 503
List the prime factors of 3236.
2, 809
What are the prime factors of 4118?
2, 29, 71
What are the prime factors of 725?
5, 29
List the prime factors of 236.
2, 59
List the prime factors of 14211.
3, 1579
List the prime factors of 18085.
5, 3617
List the prime factors of 2841.
3, 947
What are the prime factors of 441?
3, 7
List the prime factors of 3230.
2, 5, 17, 19
List the prime factors of 3457.
3457
List the prime factors of 759.
3, 11, 23
List the prime factors of 3402.
2, 3, 7
What are the prime factors of 26370?
2, 3, 5, 293
What are the prime factors of 2733?
3, 911
What are the prime factors of 8417?
19, 443
What are the prime factors of 5214?
2, 3, 11, 79
What are the prime factors of 67762?
2, 17, 1993
What are the prime factors of 51435?
3, 5, 127
List the prime factors of 469.
7, 67
List the prime factors of 88.
2, 11
What are the prime factors of 20405?
5, 7, 11, 53
List the prime factors of 651.
3, 7, 31
List the prime factors of 9534.
2, 3, 7, 227
List the prime factors of 29658.
2, 3, 4943
List the prime factors of 36802.
2, 18401
List the prime factors of 2157.
3, 719
What are the prime factors of 2048?
2
List the prime factors of 14683.
14683
What are the prime factors of 2053?
2053
List the prime factors of 98530.
2, 5, 59, 167
List the prime factors of 12421.
12421
What are the prime factors of 922?
2, 461
List the prime factors of 817.
19, 43
List the prime factors of 4804.
2, 1201
What are the prime factors of 6695?
5, 13, 103
What are the prime factors of 30674?
2, 7, 313
What are the prime factors of 4998?
2, 3, 7, 17
List the prime factors of 14860.
2, 5, 743
What are the prime factors of 142154?
2, 17, 37, 113
List the prime factors of 34978.
2, 17489
List the prime factors of 1020.
2, 3, 5, 17
List the prime factors of 9320.
2, 5, 233
List the prime factors of 124156.
2, 31039
List the prime factors of 296.
2, 37
List the prime factors of 5407.
5407
List the prime factors of 652.
2, 163
What are the prime factors of 1560?
2, 3, 5, 13
What are the prime factors of 56475?
3, 5, 251
List the prime factors of 2788.
2, 17, 41
What are the prime factors of 556?
2, 139
What are the prime factors of 7093?
41, 173
List the prime factors of 1023.
3, 11, 31
What are the prime factors of 4109?
7, 587
What are the prime factors of 177192?
2, 3, 23, 107
What are the prime factors of 11728?
2, 733
List the prime factors of 39353.
23, 29, 59
List the prime factors of 